k(-2). Let u = b + f. What are the prime factors of u?
2
Suppose 2*c - 3567 = -7*a + 10*a, 0 = -c + 4*a + 1771. List the prime factors of c.
3, 199
Let u = 2028 - -1138. List the prime factors of u.
2, 1583
Let q(i) = 16 + 869*i - 446*i - 443*i. Suppose 3 = 5*j + 28. List the prime factors of q(j).
2, 29
What are the prime factors of (-1)/(-4)*(6 + 97451) + 8/(-32)?
2, 6091
Suppose 5*s - 297 = -47. Suppose -670 = -9*j + s. Suppose -j = -2*o + 162. List the prime factors of o.
11
Let f(s) = 3*s**2 + 20*s - 11. Let v be f(7). Let y = v + 1426. What are the prime factors of y?
2, 23, 37
Let k(m) = 2*m**2 - 30*m - 133. What are the prime factors of k(-32)?
5, 23
Suppose -2*n + 3*p = -0*p + 76135, -2*n + p = 76145. What are the prime factors of 2/(-23) + n/(-115)?
331
Let n = 30439 + -5632. List the prime factors of n.
3, 8269
Let d = 54 - 45. Suppose 120 = 12*j - d*j. Let c = -1 + j. What are the prime factors of c?
3, 13
Let p be (16/6)/(6/207). Let i = p + -34. Suppose 36 = v - 5*s, 4*s = -4*v + 2*v + i. List the prime factors of v.
31
Suppose 12*w = -0*w + 300. Suppose -l + w = 40. What are the prime factors of 20/(-25) - (5628/l)/4?
3, 31
Let o = 164 - 36. List the prime factors of o - (5 + -1)*-1.
2, 3, 11
Suppose 0 = 5*s - 2*v - 2028, -2*s + 1628 = 2*s + 4*v. Suppose -14*j + 728 = -s. List the prime factors of j.
3
Suppose 3*z = 2*z + 567. Suppose 2*s - z = 247. List the prime factors of s.
11, 37
Let j = -153 - -191. Suppose 4*d + 564 = m - j, -3*d = -3. What are the prime factors of m?
2, 3, 101
Let y = -11 + 32. Let n = -23 + y. What are the prime factors of n - (4 + -37 + 4)?
3
Let k(h) = -629*h + 1059. List the prime factors of k(-18).
3, 4127
Let a = -44 - -47. Suppose -a*g - 3 = 0, -3*m + 4*m = 4*g + 6. Suppose -4*j + 582 = m*j. List the prime factors of j.
97
Suppose 0 = -5*z + u + 41 + 29, 0 = -z + u + 10. Suppose s = 4*b + 512, 2*s - z*b - 1044 = -12*b. What are the prime factors of s?
2, 3, 11
Let j = -328 - -363. What are the prime factors of 10/j + ((-3585)/(-21) - 2)?
13
Suppose -5*b = -7*b + 652. Suppose 5300 = b*q - 321*q. List the prime factors of q.
2, 5, 53
Let w be (-4)/(-10) + (-49)/35. Let d be (-15 + 2/(-1 - -2))*w. Suppose d*c = 14*c - 67. List the prime factors of c.
67
Let i be ((-990)/44)/(1 - (-3)/(-2)). Suppose 5*o - i = -5*t, 14 = t - o - 1. List the prime factors of t.
2, 3
Let g be 0 + 2 + -3 - -10. Let r(j) = -8*j + 1152*j**2 + 5*j + 0*j - 13 - 1150*j**2. What are the prime factors of r(g)?
2, 61
Let n(a) = -706*a - 1098. List the prime factors of n(-3).
2, 3, 5, 17
Suppose -4*p + 2*v + 469 = -131, -2*p - 5*v + 300 = 0. Let i = -64 + p. Let j = -33 + i. List the prime factors of j.
53
Let b(w) = -887*w + 301. What are the prime factors of b(-2)?
5, 83
Suppose 27*o - 25*o = 2*p + 40462, -4*p = 4*o - 80940. What are the prime factors of o?
20233
Let y(g) = 4*g**2 - 4 - g + g - g. Let d be y(6). Suppose 4*m - 2*o - 273 = o, 0 = -2*m + 2*o + d. What are the prime factors of m?
2, 3
Suppose -10 = 10*x - 0. List the prime factors of (1*x/(-4))/(1/1132).
283
Suppose 3*u + 2*t - 11823 - 1148 = 0, -u = -3*t - 4320. Let j = u + -3071. What are the prime factors of j?
2, 313
Suppose -3*c = 3*i - 2544, 0 = -4*i + 5*c + 2386 + 988. Suppose 0 = 2*h + 2*v - i, -2*h + v + 4*v = -811. What are the prime factors of h?
2, 11, 19
Suppose -5*o = 4*r - 54535 - 65839, -4*o = r - 30088. Suppose -13*y - 44*y = -r. List the prime factors of y.
2, 3, 11
Let m(r) = -r**3 - 12*r**2 - 10*r + 13. Let v be m(-11). Let f(j) = -4*j**2 + 108*j**2 + 2*j**v. What are the prime factors of f(-1)?
2, 53
Suppose -67*x + 2528899 = 52*x - 353519. List the prime factors of x.
2, 3, 11, 367
Let r = -3 - -5. Let u = -412 - -414. Suppose -r*f + u = -62. List the prime factors of f.
2
Let p = -40 + 36. Let h be 3 + p + -3 - -6. Suppose 4*m - 28 = -2*t, 2*m - 26 = -h*m - t. What are the prime factors of m?
2, 3
Suppose -v = v - 3*y + 73, -5*v = -4*y + 193. Let f = v - -44. Suppose 4*n + 5*h - h = 96, 0 = -f*n + 4*h + 72. List the prime factors of n.
2, 3
Let c = -2015 + 569. Let b = -522 - c. What are the prime factors of b?
2, 3, 7, 11
Let r(t) = 30*t**2 + 38*t - 788. List the prime factors of r(19).
2, 3, 13, 23
Suppose -6*b - 197 = 43. List the prime factors of 17332/36 - b/(-90).
13, 37
Let f(j) = -j**3 + 69*j**2 - 59*j - 2928. What are the prime factors of f(64)?
2, 3, 7, 41
Suppose -4*q = -2*o - 6436 - 680, -2*q + 19*o + 3666 = 0. List the prime factors of q.
2, 3, 37
Suppose 3*h - 244 = -3*o + 110, 4*o - 2*h = 490. Suppose -3*f = -o - 5102. List the prime factors of f.
1741
Suppose -4*t - 3*j = -0*j - 32, 2*t - 10 = -3*j. Let k(l) = 4*l + 69. Let p(b) = b + 21. Let z(y) = 2*k(y) - 7*p(y). What are the prime factors of z(t)?
2
Let q = 18 + -7. Let d(h) = 2*h**2 - h - 20. Let k be d(q). What are the prime factors of 3/24*2 + k/4?
53
Let u(y) = y**3 + 16*y**2 + 28*y + 3. Let g be u(-14). Let p(b) = 179*b**2 - 8*b - 13. List the prime factors of p(g).
2, 787
Suppose -18*b + 99 = -27. Suppose -3*j - 807 = -h, -2*h + b*j + 1615 = 2*j. List the prime factors of h.
2, 3, 5
Let g(m) be the first derivative of -36*m**2 + 117*m + 254. List the prime factors of g(-3).
3, 37
Suppose 900 = 7*l + 151. Let x = -94 + l. Suppose -10*h = -x*h + 528. What are the prime factors of h?
2, 11
What are the prime factors of (-332746)/(-19) + 60/1140?
83, 211
Suppose 3*p = -0*h + 3*h - 276, 5*h + 2*p = 467. Suppose -2*z = -3*m - 14, 0*z = 4*z - m - 18. What are the prime factors of h + (3 - (z + -2))?
2, 47
Let d = -2779 - -5477. Let h = 3990 - d. What are the prime factors of h?
2, 17, 19
Let c(a) = a**2 + 122*a + 90. What are the prime factors of c(48)?
2, 3, 5, 11
Let h be 5/1 - 2/(-1)*-1. Suppose -3*n = -h*f - 11784 + 1860, 5*f - 16580 = -5*n. Suppose 2*s + 14*s = n. List the prime factors of s.
3, 23
Let a(b) = b**2 - 3*b - 7. Let d(l) = -8*l + 8*l + l + 1. Let j(r) = 2*a(r) + 6*d(r). List the prime factors of j(3).
2, 5
Suppose -13*m + 9*m = -20, 2*i + 2*m - 36084 = 0. List the prime factors of i.
17, 1061
Let o(a) = -22 + 77*a**2 + 5 - 64*a**2 - 17*a + a**3. List the prime factors of o(-14).
5
Let g be 4/14 + (-888)/168. Let i be 2 + g*(-2)/5. Suppose 0 = i*k - 4*o - o - 552, 5*k + 2*o = 657. What are the prime factors of k?
7, 19
List the prime factors of (7 + 171/(-15))/(22/(-78265)).
11, 1423
Let y(r) = r**3 - 19*r**2 + 47*r - 20. Let p be y(16). What are the prime factors of (21/(-4))/(p/2256)?
7, 47
List the prime factors of (80/(-48))/(((-6)/4791)/(25 - 1)).
2, 5, 1597
Let o(y) = 5*y - 1 + 29*y - 1 + 2*y. Suppose 4*l = 1 + 3. List the prime factors of o(l).
2, 17
Let h be 3/(-2)*(6 + (-176)/24). Suppose -h*x = 5*w - 1042 + 171, x + w = 440. What are the prime factors of x?
443
What are the prime factors of (-19485 - -97)*-1*(0 - -1)?
2, 37, 131
What are the prime factors of ((-3)/(-2) - -2)*(6 + 13 - -6379)?
7, 457
Let c be (-1 - -2)/(-2 - -1)*-3. Suppose 3*t + 5*o = -54, -c*t - 2*o - o = 54. List the prime factors of 3*(-3)/t*(155 + 3).
79
Let z(k) = -k**2 - 8*k - 9. Let d be z(-5). Let n(h) = 2*h**3 - 7*h**2 + 11*h + 2. List the prime factors of n(d).
2, 31
Suppose 131*l - 106*l = 182775. List the prime factors of l.
3, 2437
Suppose -3*b - q + 8529 + 59778 = 0, b - 22753 = -3*q. List the prime factors of b.
7, 3253
Suppose 59*j + 40841 - 529493 = 16*j. What are the prime factors of j?
2, 3, 947
Let w(v) = 3*v**2 + 5*v - 20. Let z(b) = -7*b**2 - 10*b + 41. Let k(g) = 5*w(g) + 2*z(g). Let p be k(-7). List the prime factors of (-1)/(271/68 + p).
2, 17
Suppose 0 = 6*a - 158 + 584. Let x = 99 + a. List the prime factors of (-466)/(-7) + ((-48)/x)/3.
2, 3, 11
Let k(n) = n**3 + 21*n**2 - 54*n + 9. Let u be k(-22). Suppose u = t + v, 4*v - 707 = 21*t - 22*t. What are the prime factors of t?
5, 11, 13
Let p = -3453 - -7027. List the prime factors of p.
2, 1787
Let r(l) = 3*l**3 + 9*l**2 - 88*l + 382. List the prime factors of r(22).
2, 3, 5791
Suppose 5*m + 3*x - 1159 - 89 = 0, 4*m = 3*x + 993. Let a = 307 - m. List the prime factors of a.
2, 29
Let j(z) = z. Let p(w) = -120*w + 11. Let b(l) = 5*j(l) - p(l). What are the prime factors of b(5)?
2, 307
Suppose -5*h + 20 = -0. Suppose h*d + 183 = 3*n + 71, -25 = -5*d. Suppose -4*o = f - 46 - n, 4*o + 120 = 2*f. What ar